{"id":4491,"date":"2019-10-19T12:15:18","date_gmt":"2019-10-19T09:15:18","guid":{"rendered":"https:\/\/hemegkongre2019.atauni.edu.tr\/?page_id=4491"},"modified":"2019-10-23T23:16:01","modified_gmt":"2019-10-23T20:16:01","slug":"bildiri-programi","status":"publish","type":"page","link":"https:\/\/hemegkongre2019.atauni.edu.tr\/index.php\/bildiri-programi\/","title":{"rendered":"Bildiri Program\u0131"},"content":{"rendered":"<p>[vc_row][vc_column][vc_column_text]<a href=\"https:\/\/hemegkongre2019.atauni.edu.tr\/wp-content\/uploads\/2019\/10\/24-Ekim-Bildiri-Program\u0131-A-SALONU-1-1.docx\">24-Ekim-Bildiri-Program\u0131-A-SALONU<\/a><\/p>\n<p><a href=\"https:\/\/hemegkongre2019.atauni.edu.tr\/wp-content\/uploads\/2019\/10\/24-Ekim-Bildiri-Program\u0131-B-SALONU-1-1.docx\">24-Ekim-Bildiri-Program\u0131-B-SALONU<\/a><\/p>\n<p><a href=\"https:\/\/hemegkongre2019.atauni.edu.tr\/wp-content\/uploads\/2019\/10\/24-Ekim-Bildiri-Program\u0131-C-SALONU-1-1.docx\">24-Ekim-Bildiri-Program\u0131-C-SALONU<\/a><\/p>\n<p><a href=\"https:\/\/hemegkongre2019.atauni.edu.tr\/wp-content\/uploads\/2019\/10\/25-Ekim-Bildiri-Program\u0131-A-SALONU-1-1.docx\">25-Ekim-Bildiri-Program\u0131-A-SALONU<\/a><\/p>\n<p><a href=\"https:\/\/hemegkongre2019.atauni.edu.tr\/wp-content\/uploads\/2019\/10\/25-Ekim-Bildiri-Program\u0131-B-SALONU-1-1.docx\">25-Ekim-Bildiri-Program\u0131-B-SALONU<\/a><\/p>\n<p><a href=\"https:\/\/hemegkongre2019.atauni.edu.tr\/wp-content\/uploads\/2019\/10\/25-Ekim-Bildiri-Program\u0131-B\u00dcY\u00dcK-SALON-1.docx\">25-Ekim-Bildiri-Program\u0131-B\u00dcY\u00dcK-SALON<\/a><\/p>\n<p><a href=\"https:\/\/hemegkongre2019.atauni.edu.tr\/wp-content\/uploads\/2019\/10\/25-Ekim-Bildiri-Program\u0131-C-SALONU-1-1.docx\">25-Ekim-Bildiri-Program\u0131-C-SALONU<\/a><\/p>\n<p><a href=\"https:\/\/hemegkongre2019.atauni.edu.tr\/wp-content\/uploads\/2019\/10\/26-Ekim-Bildiri-Program\u0131-A-SALONU-1-1.docx\">26-Ekim-Bildiri-Program\u0131-A-SALONU<\/a><\/p>\n<p><a href=\"https:\/\/hemegkongre2019.atauni.edu.tr\/wp-content\/uploads\/2019\/10\/26-Ekim-Bildiri-Program\u0131-B-SALONU-1-1.docx\">26-Ekim-Bildiri-Program\u0131-B-SALONU<\/a><\/p>\n<p><a href=\"https:\/\/hemegkongre2019.atauni.edu.tr\/wp-content\/uploads\/2019\/10\/26-Ekim-Bildiri-Program\u0131-C-SALONU-1-2.docx\">26-Ekim-Bildiri-Program\u0131-C-SALONU<\/a>[\/vc_column_text][\/vc_column][\/vc_row]<\/p>\n","protected":false},"excerpt":{"rendered":"<p>[vc_row][vc_column][vc_column_text]24-Ekim-Bildiri-Program\u0131-A-SALONU 24-Ekim-Bildiri-Program\u0131-B-SALONU 24-Ekim-Bildiri-Program\u0131-C-SALONU 25-Ekim-Bildiri-Program\u0131-A-SALONU 25-Ekim-Bildiri-Program\u0131-B-SALONU 25-Ekim-Bildiri-Program\u0131-B\u00dcY\u00dcK-SALON 25-Ekim-Bildiri-Program\u0131-C-SALONU 26-Ekim-Bildiri-Program\u0131-A-SALONU 26-Ekim-Bildiri-Program\u0131-B-SALONU 26-Ekim-Bildiri-Program\u0131-C-SALONU[\/vc_column_text][\/vc_column][\/vc_row]<\/p>\n","protected":false},"author":1,"featured_media":0,"parent":0,"menu_order":0,"comment_status":"closed","ping_status":"closed","template":"","meta":{"footnotes":""},"class_list":["post-4491","page","type-page","status-publish","hentry"],"_links":{"self":[{"href":"https:\/\/hemegkongre2019.atauni.edu.tr\/index.php\/wp-json\/wp\/v2\/pages\/4491","targetHints":{"allow":["GET"]}}],"collection":[{"href":"https:\/\/hemegkongre2019.atauni.edu.tr\/index.php\/wp-json\/wp\/v2\/pages"}],"about":[{"href":"https:\/\/hemegkongre2019.atauni.edu.tr\/index.php\/wp-json\/wp\/v2\/types\/page"}],"author":[{"embeddable":true,"href":"https:\/\/hemegkongre2019.atauni.edu.tr\/index.php\/wp-json\/wp\/v2\/users\/1"}],"replies":[{"embeddable":true,"href":"https:\/\/hemegkongre2019.atauni.edu.tr\/index.php\/wp-json\/wp\/v2\/comments?post=4491"}],"version-history":[{"count":8,"href":"https:\/\/hemegkongre2019.atauni.edu.tr\/index.php\/wp-json\/wp\/v2\/pages\/4491\/revisions"}],"predecessor-version":[{"id":4562,"href":"https:\/\/hemegkongre2019.atauni.edu.tr\/index.php\/wp-json\/wp\/v2\/pages\/4491\/revisions\/4562"}],"wp:attachment":[{"href":"https:\/\/hemegkongre2019.atauni.edu.tr\/index.php\/wp-json\/wp\/v2\/media?parent=4491"}],"curies":[{"name":"wp","href":"https:\/\/api.w.org\/{rel}","templated":true}]}}