{"id":3674,"date":"2019-05-24T16:07:35","date_gmt":"2019-05-24T13:07:35","guid":{"rendered":"https:\/\/hemegkongre2019.atauni.edu.tr\/en\/?page_id=3674"},"modified":"2019-09-03T17:14:08","modified_gmt":"2019-09-03T14:14:08","slug":"general-information","status":"publish","type":"page","link":"https:\/\/hemegkongre2019.atauni.edu.tr\/index.php\/general-information\/","title":{"rendered":"Otomatik taslak"},"content":{"rendered":"<p>[vc_row][vc_column width=&#8221;1\/2&#8243;][vc_column_text]<\/p>\n<hr \/>\n<p>&nbsp;<\/p>\n<table style=\"border-color: black; width: 586px; height: 298px;\" border=\"1\" cellspacing=\"0\" cellpadding=\"0\">\n<tbody>\n<tr>\n<td style=\"width: 282px;\">\n<h6><strong>Date of Congress<\/strong><\/h6>\n<\/td>\n<td style=\"width: 288px;\">October 24-27,2019<\/td>\n<\/tr>\n<tr>\n<td style=\"width: 282px;\">\n<h6><strong>Courses<\/strong><\/h6>\n<\/td>\n<td style=\"width: 288px;\">October 24, 2019 (09: 00-12: 00)<\/td>\n<\/tr>\n<tr>\n<td style=\"width: 282px;\">\n<h6><strong>Language of Congress<\/strong><\/h6>\n<\/td>\n<td style=\"width: 288px;\">Turkish and English<\/td>\n<\/tr>\n<tr>\n<td style=\"width: 282px;\">\n<h6><strong>Certificate of Attendance<\/strong><\/h6>\n<\/td>\n<td style=\"width: 288px;\">All participants who register for the congress will be given a certificate of attendance.<\/td>\n<\/tr>\n<tr>\n<td style=\"width: 282px;\">\n<h6><strong>Invitation Letter<\/strong><\/h6>\n<\/td>\n<td style=\"width: 288px;\">We will send an invitation letter to all members if they request it. This letter will only help you get permission from your institution.<\/td>\n<\/tr>\n<tr>\n<td style=\"width: 282px;\">\n<h6><strong>Exhibition Areas<\/strong><\/h6>\n<\/td>\n<td style=\"width: 288px;\">During the congress, a large area was allocated in the congress center in order to exhibit the products of the companies in the fields of medicine, medical equipment and books.<\/td>\n<\/tr>\n<\/tbody>\n<\/table>\n<h4><\/h4>\n<h5><strong>KONGREM\u0130Z AKADEM\u0130K TE\u015eV\u0130K KR\u0130TERLER\u0130N\u0130 KAR\u015eILAMAKTADIR.<\/strong><\/h5>\n<p>[\/vc_column_text][\/vc_column][\/vc_row]<\/p>\n","protected":false},"excerpt":{"rendered":"<p>[vc_row][vc_column width=&#8221;1\/2&#8243;][vc_column_text] &nbsp; Date of Congress October 24-27,2019 Courses October 24, 2019 (09: 00-12: 00) Language of Congress Turkish and English Certificate of Attendance All participants who register for the congress will be given a certificate of attendance. Invitation Letter We will send an invitation letter to all members if they request it. This letter [&hellip;]<\/p>\n","protected":false},"author":1,"featured_media":0,"parent":0,"menu_order":0,"comment_status":"closed","ping_status":"closed","template":"","meta":{"footnotes":""},"class_list":["post-3674","page","type-page","status-publish","hentry"],"_links":{"self":[{"href":"https:\/\/hemegkongre2019.atauni.edu.tr\/index.php\/wp-json\/wp\/v2\/pages\/3674","targetHints":{"allow":["GET"]}}],"collection":[{"href":"https:\/\/hemegkongre2019.atauni.edu.tr\/index.php\/wp-json\/wp\/v2\/pages"}],"about":[{"href":"https:\/\/hemegkongre2019.atauni.edu.tr\/index.php\/wp-json\/wp\/v2\/types\/page"}],"author":[{"embeddable":true,"href":"https:\/\/hemegkongre2019.atauni.edu.tr\/index.php\/wp-json\/wp\/v2\/users\/1"}],"replies":[{"embeddable":true,"href":"https:\/\/hemegkongre2019.atauni.edu.tr\/index.php\/wp-json\/wp\/v2\/comments?post=3674"}],"version-history":[{"count":8,"href":"https:\/\/hemegkongre2019.atauni.edu.tr\/index.php\/wp-json\/wp\/v2\/pages\/3674\/revisions"}],"predecessor-version":[{"id":4266,"href":"https:\/\/hemegkongre2019.atauni.edu.tr\/index.php\/wp-json\/wp\/v2\/pages\/3674\/revisions\/4266"}],"wp:attachment":[{"href":"https:\/\/hemegkongre2019.atauni.edu.tr\/index.php\/wp-json\/wp\/v2\/media?parent=3674"}],"curies":[{"name":"wp","href":"https:\/\/api.w.org\/{rel}","templated":true}]}}